tor of p and 7?
7
Let d(i) = -i**2 - i + 10. Suppose 0 = -h + 4*h - 30. Let a = h + -10. Let n be d(a). Calculate the greatest common factor of n and 50.
10
Let a be 2 + (-202)/(-2) + (4 - 1). Let l = a + -73. Calculate the highest common divisor of l and 264.
33
Suppose 7*c = 5*c - 126. Let u = c - -69. Let p = -3 - -15. Calculate the greatest common divisor of u and p.
6
Let m(c) = 2*c**2 - 35*c + 254. Let g be m(11). What is the greatest common divisor of 6 and g?
3
Suppose -31*x + 422 = -663. What is the highest common factor of x and 30?
5
Suppose 32*u + 3*w = 27*u + 1294, 3*u - w = 782. Calculate the highest common factor of 50 and u.
10
Let k(u) = u**3 + 7*u**2 - 217*u - 22. Let g be k(12). What is the highest common factor of g and 66?
22
Let t(i) = -i**3 + 13*i**2 + 15*i + 9. Suppose -19*v = -21*v + 28. Let l be t(v). What is the highest common factor of 207 and l?
23
Let i = -78 + 33. Let r = -31 - i. Let u be -5 + 3 + 39 - 2. What is the greatest common divisor of r and u?
7
Let t = 3 - 1. Suppose 2*k + 4*k = 18. Suppose z = 4*l - 31, -4*l + k*l - 3*z - t = 0. What is the greatest common divisor of 56 and l?
7
Suppose -750 = 105*d - 130*d. Calculate the highest common divisor of d and 2490.
30
Let k = -39 + 40. Calculate the greatest common divisor of 66 and k.
1
Suppose 2*u + 3*f = 23 + 18, -25 = -5*f. What is the greatest common factor of u and 299?
13
Let s = 5 - 3. Suppose r = -3*k + 79, 2*k + 344 = 5*r - 0*k. Suppose -3*j + s = -r. Calculate the highest common divisor of 8 and j.
8
Let g be (0 - 2) + 3/1. Let z be ((g - -51) + 2)/1. Let x(s) = s + 6. Let l be x(0). Calculate the highest common divisor of z and l.
6
Let a be 11/((-44)/(-280)) + 0/(-2). What is the greatest common factor of 28 and a?
14
Suppose 55 = 4*r - 85. Let q be 1596/r + 2/5. What is the highest common factor of q and 115?
23
Suppose -1663*b = -1671*b + 23112. Calculate the highest common factor of b and 27.
27
Let l = 449 + -323. What is the highest common divisor of 54 and l?
18
Let x(k) = -k**3 + 59*k**2 - 58*k + 37. Let m be x(58). Calculate the highest common divisor of m and 407.
37
Let z = -138 + 167. What is the highest common factor of 116 and z?
29
Suppose -7*q - 13*q + 2700 = 0. What is the greatest common factor of 27 and q?
27
Let h(f) = -3*f**2 + 19*f - 5. Let b(l) = 7*l - 1. Let p be b(1). Let i be h(p). Calculate the greatest common divisor of 2 and i.
1
Let y(a) = 42*a - 2628. Let f be y(63). Suppose -5*r - 338 = -1328. What is the highest common factor of r and f?
18
Let h be 1236/22 - (-4)/(-22). Suppose 0 = 2*f + 3*f - 4*k - h, -8 = f + 4*k. Let x be 8/((-4)/(5 - 13)). What is the highest common factor of f and x?
8
Suppose -17*d + 14*d + 102 = 0. Let u = -30 + d. Calculate the greatest common divisor of 14 and u.
2
Let x(h) = -h + 18. Let r be x(13). Suppose 0 = -0*a - r*a - 35. Let g(d) = 2*d**2 + 10*d + 1. Let p be g(a). Calculate the greatest common divisor of 29 and p.
29
Suppose d + 7*d = d. Suppose d = -5*a - 4*q + 296, 0*a - a + 56 = 4*q. Calculate the highest common divisor of 24 and a.
12
Let k(d) = -d**2 - 7*d - 4. Let z be k(-8). Suppose f = 2*f + 162. Let v be 44/2*f/z. What is the greatest common factor of 27 and v?
27
Suppose 3*o + 207 = 2*h, -o + 47 + 236 = 3*h. Calculate the highest common factor of h and 72.
24
Let v be 6/15*(50 - -10). Calculate the greatest common factor of v and 168.
24
Let l = -110 + 161. Let z = 3 + 10. Suppose -z - 21 = -y. Calculate the greatest common factor of l and y.
17
Let y(l) = 6*l**3 - 2*l**2 - 2*l. Let a be y(2). Suppose 231 = -4*q + 75. Let g = q - -51. What is the greatest common divisor of g and a?
12
Suppose -4*r - 612 = -664. What is the greatest common divisor of 3419 and r?
13
Let h be 33 + 0 + -1 + -7 + 9. Let f = h - -2. Calculate the highest common factor of 24 and f.
12
Let x be (-4)/(-1)*(-41)/(-4) - 1. Let o = x - 10. What is the greatest common factor of 3 and o?
3
Let f(s) = -10*s. Let h be f(-2). Suppose h = -0*w - 4*w, 5*m = w + 515. Calculate the highest common divisor of 17 and m.
17
Suppose 9*g + 576 = 5*g. Let v be (2/(-2))/(8/g). Suppose 4*b = 91 + 197. What is the greatest common divisor of b and v?
18
Suppose 0 = 9*n + 8 - 125. Suppose -4*b + 3*b = -65. What is the highest common factor of b and n?
13
Suppose -4*n = -6*u + 3*u + 1985, -4*u - 5*n = -2688. Calculate the highest common divisor of u and 23.
23
Let t(h) = -5*h - 241. Let j be t(-50). Calculate the greatest common divisor of j and 1368.
9
Suppose -2*z = -0*z - 440. Let v = -44 + z. Suppose 3*s = 39 + 27. What is the highest common divisor of s and v?
22
Let z(m) = -m**3 - 5*m**2 - 3*m + 6. Let g be z(-5). Calculate the highest common factor of g and 861.
21
Let y = 3928 - 2446. Calculate the highest common divisor of 52 and y.
26
Let g(l) = 4*l - 1. Let q be g(-3). Let a = q + 8. Let w be ((-2)/a)/(2/180). Calculate the greatest common factor of 54 and w.
18
Let c(g) = 16*g**2 + 1. Let b be c(1). Let l(u) = -30*u + 93. Let k be l(11). Let t = 305 + k. What is the highest common divisor of t and b?
17
Let v be ((-21)/9)/(1/3). Let h be (2 - -71) + v + 4. Calculate the highest common divisor of 10 and h.
10
Suppose -l - 3 = 0, 2*l + 70 = 3*k - 56. What is the greatest common divisor of k and 30?
10
Suppose -5*m = -9 - 36. Let h = 46 - 37. Calculate the greatest common divisor of m and h.
9
Let w = 18 + -6. Let y = -1755 - -1785. What is the highest common factor of w and y?
6
Let j(g) = -4*g**2 - 41*g - 75. Let r be j(-5). Suppose 4*a - 3*a = 25. Let s = a - -20. Calculate the greatest common divisor of s and r.
15
Let s(u) = 2*u + 1. Let f(n) = 13*n - 2. Let c(x) = -f(x) + 4*s(x). Let t = -13 + 7. Let h be c(t). What is the highest common divisor of h and 4?
4
Let u be (3/9)/(1/(-111)). Let f = -28 - u. What is the highest common factor of f and 9?
9
Let d(f) = f**3 + 9*f**2 - 6*f. Let w be d(-9). Let s = -38 + w. What is the highest common divisor of 2 and s?
2
Let d be (-1)/(12/40)*-6. Let s be (-253)/(-5) - 12/d. Calculate the highest common divisor of 75 and s.
25
Suppose 66000 = -292*k + 317*k. What is the greatest common divisor of 55 and k?
55
Let r(b) = 2*b**3 - 6*b**2 - 5*b + 3. Let w be r(4). Calculate the highest common divisor of w and 30.
15
Let k(a) = -77*a - 145. Let p be k(-24). Calculate the highest common factor of 13 and p.
13
Let b(n) = n. Let o be b(2). Suppose 3*h - 8*h + 25 = 0. Suppose -t - 115 = -h*y, y + 5*t = 2*y - 47. What is the highest common factor of y and o?
2
Let k(f) = f**2 - 14*f + 23. Let y be k(12). Let p be 2/y + 1*(2 - -38). Calculate the highest common factor of p and 57.
19
Let v = 55 + -49. Let x be ((-4)/v)/((-2)/72). What is the greatest common divisor of 12 and x?
12
Suppose 8 = -8*m + 888. Let n(p) = p**2 - p - 2. Let j be n(-3). Calculate the greatest common factor of j and m.
10
Let w(a) = -5*a - 26. Let q be w(-5). Let p = 3 - q. What is the greatest common divisor of 28 and p?
4
Let j = -67 + 91. Let i(v) = -v + 16. Let k be i(0). Calculate the highest common divisor of k and j.
8
Suppose -8*t + 90 = 34. Calculate the greatest common divisor of t and 1253.
7
Let i(t) = -16*t + 15. Let p be i(-5). Suppose 2*f + p - 329 = 0. Calculate the greatest common divisor of f and 13.
13
Suppose -5*n + 22 = x, -5*n = -x + 3 - 1. Let o be 6 + ((-9)/3 - -6). What is the greatest common divisor of o and x?
3
Let k(r) = r**3 + 15*r**2 - 4*r - 27. Let x be k(-15). What is the highest common divisor of 484 and x?
11
Let t = 649 + -361. Calculate the greatest common factor of t and 18.
18
Let b = 192 - 128. Calculate the highest common factor of b and 8.
8
Let l = -108 - -207. Let b(s) = 2*s**2 + 6*s + 3. Let y be b(-4). What is the greatest common factor of l and y?
11
Let r(g) = -g**3 + 8*g**2 - 6*g - 2. Let w be r(7). Suppose -2*f + 131 = -w*v, -156 - 160 = -5*f + v. What is the highest common factor of f and 9?
9
Let f be (-5)/20 - 183/(-12). Suppose 0 = -20*r + f*r + 45. Suppose 0 = 2*h - 2*a - 0*a - 130, -r = -3*a. Calculate the highest common divisor of 17 and h.
17
Let w = -14 + 24. Suppose -5*p + 4*h = -w, 6*h - 14 = p + 2*h. Let r(t) = 2*t**2 + t - 1. Let o be r(5). Calculate the highest common divisor of o and p.
6
Let b(x) = 2*x**3 - 7*x**2 - 2*x - 3. Let 